 + 4*s + 158. Calculate the remainder when p is divided by 31 - ((0 - 2) + (14 - 11)).
26
Let d = -27 - -39. Suppose -244 = -4*p + d. Let g = 5313 - 5291. Calculate the remainder when p is divided by g.
20
Suppose 12*a = -49*a + 6710. What is the remainder when 3519 is divided by a?
109
What is the remainder when 3/(6/40)*564928/6790 is divided by 15?
14
Let v = -6467 + 6573. Calculate the remainder when 1589 is divided by v.
105
Let j(f) = f**2 - 8*f + 20. Suppose 15 = -53*z + 58*z. Suppose -6 - 7 = -k. Calculate the remainder when k is divided by j(z).
3
Suppose -4930*z - 165 = -4945*z. Calculate the remainder when (-1*1)/(3/(-129)) is divided by z.
10
Let y = -241 + 352. Suppose 0 = 5*f - 15, 0 = -2*r + 2*f - 3*f + y. Let z = -31 - -59. Calculate the remainder when r is divided by z.
26
Let p(l) = -2*l**3 + 14*l**2 - 23*l + 88. Calculate the remainder when 132/88*(-1 - (-674)/6) is divided by p(6).
13
Let y = -164 + 160. Calculate the remainder when 248/20*((-18)/y - 2) is divided by 7.
3
Let r be 5*(0 - (-6)/(-5)). Let g = 3 + r. Calculate the remainder when ((-40)/g - 2)*3 is divided by 9.
7
Suppose -32*n - 10*n = 6960 - 25482. What is the remainder when n is divided by 50?
41
Suppose -3*d - 10 + 28 = 0. Calculate the remainder when 83 + 0 + (16 - 17) - -1 is divided by d.
5
Let i = 6 - -119. Calculate the remainder when 1371 is divided by i.
121
Let r(h) = 7*h**2 + 9*h - 7. Let s be -4 + (-16)/24 - (-4)/6. Calculate the remainder when r(s) is divided by 24.
21
Let l = 60 + -35. Suppose -4*d = -2*r - l - 43, r - 42 = -2*d. What is the remainder when (-746)/(-10) + (-4)/(-10) is divided by d?
18
Let k(l) = -l - 9. Let i be k(-7). Let v(g) = 1654*g - 23134. What is the remainder when 172/1 - 1*i is divided by v(14)?
20
Suppose s + 3*p = 86, 0 = -166*s + 169*s - 5*p - 300. Calculate the remainder when 7881 is divided by s.
91
Suppose -513128 = -769*r + 681*r. Calculate the remainder when r is divided by 9.
8
Suppose 3*x - 48 = 267. Calculate the remainder when 2937 is divided by x.
102
Let z(m) = 7*m - 306. What is the remainder when z(60) is divided by 40?
34
Suppose -4*m - 27 = 3*x, 0 = m - 2*x + 6*x + 23. Calculate the remainder when 42 is divided by (-112)/(-6) + (-28)/(-21) + m.
8
Suppose 0 = -5*t + 10*t + 505. Let b = t + 105. Suppose 0 = 2*j - 5*q + 6*q - 24, -2*j = b*q - 12. What is the remainder when 123 is divided by j?
11
Suppose -g = y - 8, g - 242*y = -245*y. Calculate the remainder when 602 is divided by g.
2
Let d(n) = n**3 + 12*n**2 - 11*n - 20. Let h be d(-13). Let f = h + 66. Suppose 5*v - 260 = 15. What is the remainder when v is divided by f?
15
Let n = 2014 + -1235. What is the remainder when n is divided by 26?
25
Suppose 4*v = -2*c + 8 + 74, -v + 5*c - 7 = 0. Suppose -u + v*u - 408 = 0. Calculate the remainder when 83 is divided by u.
11
Let u(s) = -s**3 + 14*s**2 + 82*s - 161. Calculate the remainder when 316 is divided by u(18).
12
Calculate the remainder when (-15)/2*((-2)/22 + (-23959)/715) is divided by 15.
12
Suppose -5*y - f + 195 = 0, y + 112*f = 113*f + 33. What is the remainder when 145 is divided by y?
31
Suppose 2*v = -7*p + 3*p + 92, -5*v + 251 = 3*p. Suppose 35*f - 296 = -2*f. Calculate the remainder when v is divided by f.
4
Let a = 3267 + -3172. What is the remainder when a is divided by 27?
14
Let v = 2982 + -1337. What is the remainder when v is divided by 206?
203
Calculate the remainder when -15*1245/(-35) - 5/35*-3 is divided by 18.
12
Suppose -4*n - 5*l = -679, -2*n = 4*l - 62 - 270. Let r = 3 + n. Calculate the remainder when r is divided by 20.
19
Let d = 150 + -108. Let b = d + -38. Suppose b*w = -0*w + 64. What is the remainder when w is divided by 9?
7
Suppose -81*q + 9*q = -25890 - 5502. What is the remainder when q is divided by 117?
85
Suppose 3*l - 170 - 127 = 3*t, 4*t = 2*l - 208. What is the remainder when 136 is divided by l?
42
Let u be (-2 + (-590)/(-4))/((-186)/(-248)). Let k = u + -180. Let v(h) = -12*h - 1. What is the remainder when v(-2) is divided by k?
9
Let w(q) = 2*q + 396. What is the remainder when w(0) is divided by ((-984)/(-45) - 3) + (-14)/(-105)?
16
Let z(s) be the second derivative of s**4/4 + s**3/3 + s**2 + s. Let j = -676 - -675. What is the remainder when z(j) is divided by 1?
0
Let d = -39 + 80. Let k = -1202 + 1323. What is the remainder when k is divided by d?
39
Suppose 0*p + 2*p + r = -8, -2*r = 5*p + 19. Let v = 51 + -48. What is the remainder when 26 is divided by (p + 2 + v)*10?
6
Let y = -4948 - -6878. What is the remainder when y is divided by 161?
159
Suppose 695 = 12*k + 203. Calculate the remainder when 365 is divided by k.
37
Suppose 3*x - 51*a - 176 = -50*a, -298 = -5*x + a. Calculate the remainder when 282 is divided by x.
38
Suppose 3*d - 6 = -0*d. Suppose 0 = 5*s - 31 - 74. Suppose s - 3 = 2*h. Calculate the remainder when h is divided by d.
1
Let y(r) = r**3 + 12*r**2 + 6*r - 20. Let z be y(-10). Calculate the remainder when 10 is divided by 16/6*450/z.
0
Suppose j - 5*l - 66 = 0, 3*j + 12 = 4*l + 243. Suppose j = -5*s + 151. What is the remainder when 166 is divided by s?
12
Suppose 2*h - 13228 = -23*u + 19*u, 9921 = 3*u + h. Calculate the remainder when u is divided by 195.
187
Suppose 3*y = 2*s - 26 - 17, -s = -2*y - 20. Let a = s + -18. Let l = 39 - 16. What is the remainder when l is divided by a?
7
Let u = -427 - -425. Calculate the remainder when (157/u)/(-4 + 91/26) is divided by 28.
17
Suppose -1069 = -20*b + 231. Suppose 0 = 5*n - b - 80. What is the remainder when 86 is divided by n?
28
Suppose 5*p + 326 = 3*m, 104 = 17*m - 16*m - 4*p. Suppose 9 = k - 3*x - 16, 5*k + x = 93. What is the remainder when m is divided by k?
17
Suppose 2*t + 5*b - 450 - 931 = 0, 2777 = 4*t - 5*b. Calculate the remainder when t is divided by 41.
37
Let j = -5 - -19. Let c(w) = -3*w**2 - w + 0*w - 12*w - 12*w + 1. What is the remainder when j is divided by c(-8)?
5
What is the remainder when 7/14*1*278 is divided by -1*13 + (-13797)/(-219)?
39
Let g = 738 + -409. What is the remainder when g is divided by 9?
5
Let c(k) = k**3 - 8*k**2 + 4*k + 17. Let v be c(5). Let w = v + 46. Suppose 12 = 3*u - 51. Calculate the remainder when u is divided by w.
5
Let f(t) = 2*t + 20. Let r(n) = -8 - 13*n**2 - 2 + n**3 - 2*n**2 + 16*n. Calculate the remainder when r(14) is divided by f(-5).
8
Let w(a) = 14*a**2 + 2*a + 1. Calculate the remainder when w(2) is divided by 11 - 1/1*(13 - (77 - 25)).
11
Suppose -v + 37 = -9. Suppose -5*h = 2*f - 6*h - 21, -3*f + 4*h = -24. Suppose f*p - 116 = 76. What is the remainder when v is divided by p?
14
Suppose -14 = -5*r - 9*r. Let w(z) = -z**2 + 4*z + 7. Calculate the remainder when 14/(-8) - r/4 - -5 is divided by w(5).
1
Let z(l) = -37*l - 146. Suppose -45*c + 36*c - 54 = 0. What is the remainder when 283 is divided by z(c)?
55
Let o = 73 - 31. What is the remainder when 9951 is divided by o?
39
Suppose -7886 + 1248 = -80*p + 10642. Calculate the remainder when 26998 is divided by p.
214
Suppose 5*x - 34 = 106. Let j = -103 + 107. Suppose 1 - 37 = -j*p. Calculate the remainder when x is divided by p.
1
Let p = -4114 + 4202. What is the remainder when 337 is divided by p?
73
Suppose -10*r = 2*u - 8*r - 4, -8 = -4*u + 4*r. Suppose -h - 3*k + 276 = 0, 0 = 15*h - 10*h + u*k - 1328. Calculate the remainder when h is divided by 34.
26
Suppose 0 = -5*f - 269 + 269. Let b(h) = -4*h + 5. Let i be b(-5). Suppose -i = -2*p - w, f*w = p + 2*w - 20. What is the remainder when 77 is divided by p?
7
Let q = 4355 - 3636. Calculate the remainder when q is divided by 71.
9
Let q be 120*((-4)/1 - (-189)/42). Calculate the remainder when (-1058)/(-14) + q/(-105) is divided by 40.
35
Suppose 0 = 4*j - 0*j - 104. Suppose 0*t = 4*t. Suppose t = -22*s + 21*s - 5*k + 25, -1 = -s + 3*k. What is the remainder when j is divided by s?
6
Suppose -3*g = g - 2*y - 216, -5*y + 96 = 2*g. Suppose 36*m = -g + 197. Calculate the remainder when 38 is divided by m.
2
Suppose -6*p - 28*p + 1296 = 2*p. Let m = 157 - 87. What is the remainder when m is divided by p?
34
Let b(j) be the third derivative of -3*j**4/4 - 4*j**3 - 2*j**2 - 21. What is the remainder when 79 is divided by b(-2)?
7
Suppose -3*y = -k - 0*y + 27, y = -0*y. Let i = 1 - -2. Suppose 0 = 5*f - 4*q - 